5. What are the prime factors of d(-12)?
7, 431
Let n(z) = -347*z**3 + 2*z**2 + 3*z + 23. What are the prime factors of n(-3)?
7, 17, 79
Suppose 0 = -4*p - 2*i + 146, -4*p - p + i = -186. Let c be (-1)/((-39)/(-26)*4/(-114)). Suppose -t = -c - p. What are the prime factors of t?
2, 7
Suppose 3*g - 6*g + 6 = 5*h, 0 = -g - 3. Suppose 0 = 3*s + 2*q + 8, h*q = 2*s - 2*q - 1. What are the prime factors of (2 + -3 + 447/(-6))*s?
151
Suppose -1785 - 801 = -3*z. Let n = z + -223. List the prime factors of n.
3, 71
Let u be 1 + (4 - (7 - 2)). Suppose -35*q + 31*q + 3068 = u. List the prime factors of q.
13, 59
List the prime factors of 44/143 + 2002352/208.
3, 3209
Suppose 34*g - 38*g + 540 = 0. List the prime factors of g - (4 - 6)*1/1.
137
Suppose -20*v + 15*v + 64030 = 2*h, -2*h + 5*v = -64010. List the prime factors of h.
2, 3, 5, 11, 97
Let h = 50 - 45. Suppose -h*r + r = 104. Let c = r + 46. List the prime factors of c.
2, 5
What are the prime factors of 5/(280/237112) - 6/42?
2, 29, 73
Let t be ((-2)/5)/(6/(-2 - 148)). Let i(l) = 6*l**2 - l + 28. What are the prime factors of i(t)?
2, 3, 103
Suppose 0 = -3*j - 5*q - 193, -5*j - 3*q - 71 = -4*j. What are the prime factors of -1*3 + (429 - j/8)?
433
What are the prime factors of (0 - 1)/(1/2*(-22)/31911)?
3, 967
Let m be (-3972)/(-36) - 4/(-6). Suppose -105*b - 762 = -m*b. List the prime factors of b.
127
Suppose -c + 15 = 4*c. Suppose 3*t - 5*f = -t - 38, 5*t = -c*f - 29. Let h(v) = 3*v**2 + 10*v - 1. List the prime factors of h(t).
2, 19
Suppose 5*m - 968 = 3*n, -796 = -4*m - 0*n - 3*n. Let g be ((-22)/(-33))/((-16)/(-96)). Suppose -g*k - m = -8*k. List the prime factors of k.
7
Let o(i) = 86*i + 21 + 81*i - 175*i + 3*i**2. Let w be o(8). Let h = -52 + w. List the prime factors of h.
97
Let m(j) be the third derivative of j**5/60 + 7*j**4/12 - 5*j**3/6 + 20*j**2. Let x be m(-21). Let o = -76 + x. What are the prime factors of o?
2, 3, 11
Suppose -504*o + 502*o = 2*a - 14322, -o = -2. What are the prime factors of a?
7159
Suppose -27 = m - 4*m. Let j be 9/(-6)*12/m. Let l(z) = 8*z**2 - 4*z - 5. List the prime factors of l(j).
5, 7
Let s = 29602 - 15436. What are the prime factors of s?
2, 3, 787
Let f = 250 - -356. Suppose -f = -39*s + 33*s. What are the prime factors of s?
101
Let v(y) = -5*y - 1. Let x be v(6). Let d = x + 33. Suppose -3*p = -d*h - 31, 3*h - 58 = -8*p + 3*p. List the prime factors of p.
11
Let d be (-12 + 10 - (-1 - -1)) + 87. Let h = d + -118. List the prime factors of h/(-11) + (-2 - -3)*83.
2, 43
Suppose -12 = 509*c - 513*c. Suppose 0 = -c*p + z + 129 + 104, 3*z + 391 = 5*p. What are the prime factors of p?
7, 11
Let t(h) = 4*h**2 + h + 15. Let k be t(7). Suppose 2*c + k = -b, -2*b - 164 - 279 = -3*c. What are the prime factors of 42/(-5)*b/33?
2, 7
Suppose 592 = 20*a - 148. What are the prime factors of a?
37
Let u(q) = q**3 - 4*q**2 - 85*q + 15. Let r be u(15). Suppose 15*a - r = 10*a. What are the prime factors of a?
3
Let y = -162 - -238. Suppose -2*a = -3*j + y, -3*j - a + 4*a + 81 = 0. Suppose -3*r + 2*r + j = 0. What are the prime factors of r?
2, 11
Let k = 59430 - 33762. List the prime factors of k.
2, 3, 23, 31
What are the prime factors of 1592935/478 + -2*(-1)/4?
3, 11, 101
Let r(w) = w + 16. Let t be r(-13). Suppose 2*d - p = 330 + 35, t*p - 165 = -d. Let v = d + -87. List the prime factors of v.
3, 31
Let b = 585 + -591. What are the prime factors of 5/(b/(-276) - (3 - 3))?
2, 5, 23
Let w = -7827 + 11630. List the prime factors of w.
3803
Let s(q) = -q**2 - 59 - 193 - 91*q - 3. List the prime factors of s(-53).
1759
Let n = 14183 - 2314. List the prime factors of n.
11, 13, 83
Let c(n) = 10 + 12*n - 1 - 4*n - 5*n. Let f be c(-3). What are the prime factors of f/4*-1 - -157?
157
List the prime factors of (-2)/(153657/153675 - 1).
5, 683
Let d be 2 + 3466 + (-3 - (4 - 4)). What are the prime factors of (-4*5/14)/((-99)/d)?
2, 5
What are the prime factors of 19330/((-21)/((-210)/20))?
5, 1933
Let o = -16036 - -20717. List the prime factors of o.
31, 151
Suppose 40 = 5*w + 5. Let d(y) = 29*y**2 - 39*y + 303. What are the prime factors of d(w)?
1451
Let v be (-4)/(-10) - (-1332)/45. What are the prime factors of 54018/135 + (-4)/v?
2, 5
Suppose 26*k - 20988 = -2*a + 30*k, -3*k - 31467 = -3*a. List the prime factors of a.
2, 2621
Let d(a) = -330*a + 109. List the prime factors of d(-20).
6709
Let z(a) = 95*a**3 - 11*a**2 - 19*a + 70. List the prime factors of z(7).
3, 7, 1523
Suppose -3*j - 3*k - 835 = -2*j, -4*j = -2*k + 3382. Let m = -556 - j. What are the prime factors of m?
2, 3
Let c be 7 + -8 - (-4 + -1). Suppose 3061 = 3*p + c*h, -4*h - h + 2043 = 2*p. List the prime factors of p.
1019
Let t = 90 + -93. What are the prime factors of (1/(t/298))/(40/(-60))?
149
Let k = 85445 - 61009. List the prime factors of k.
2, 41, 149
Suppose -12083*b = -12110*b + 1081755. What are the prime factors of b?
3, 5, 2671
Suppose -1661*i = -1673*i + 22860. List the prime factors of i.
3, 5, 127
Suppose 0 = -0*s - s + 5*q - 1804, -7128 = 4*s + 2*q. Let o = -827 - s. What are the prime factors of o?
3, 11, 29
Suppose -z + 21 = -m - 63, 160 = 2*z + 2*m. Let a(p) = -p**2 - 23*p - 32. Let l be a(-13). Let x = l - z. What are the prime factors of x?
2
Suppose -2*r + 6416 = -3*p, 3*p = -14*r + 10*r + 12796. What are the prime factors of r?
2, 1601
Let o(q) be the first derivative of -121*q**2/2 + 14*q + 40. List the prime factors of o(-4).
2, 3, 83
Suppose 30055 = 17*b - 22271. List the prime factors of b.
2, 3, 19
Let s(i) = -2*i**3 + 0*i**3 - i**2 + 4*i**3 + 4 - 7*i - 4*i**2. Let c be s(6). Suppose 3*g - c = -70. What are the prime factors of g?
2, 3
Let n be -1 - 74/(-3 + 4). Let o = n - -84. What are the prime factors of (-626)/(-4) - o/6?
5, 31
Suppose -2*z + 2 = 4*y, -y = 3*z + 3*y - 7. Suppose -z*c + r - 57 = 0, -2*c = -0*c + r + 20. List the prime factors of (c - -73) + -1 + 5.
2, 3, 11
Let y(i) = 2*i + 17. Let w be y(-7). Suppose w*m - 450 = 3*j, 756 = -m + 6*m - 2*j. List the prime factors of m.
2, 19
Let s = -12 + -89. Let r = s + 16. Let k = r + 156. List the prime factors of k.
71
Let w be (7/21)/(2/60 - 0). Suppose 0 = 9*y - w*y - 50. Let m = 72 + y. List the prime factors of m.
2, 11
Let w = -760 - 43. Let k = w - -1135. What are the prime factors of k?
2, 83
Let z(k) = k**2 - 2. Let v(l) = -l**3 + 10*l**2 - l + 13. Let f be v(10). Let u be z(f). Let j(r) = 7*r + 17. What are the prime factors of j(u)?
2, 3, 11
Let i = 4 - -12. Suppose 4*w + 4 - i = 0. Suppose 0 = -2*g + 4, w*h - 6*g - 348 = -3*g. What are the prime factors of h?
2, 59
Let s(g) = g**2 + 3*g + 3. Let y be s(-3). What are the prime factors of 4081/21 - y/(10 - 1)?
2, 97
Let q = 122 - 8. Suppose 0 = 8*b - 9*b + q. List the prime factors of b.
2, 3, 19
Let s = -24 - 16. Let h be s/10 - 1/(-1). What are the prime factors of ((-1145)/(-10))/(h/(-6))?
229
Let k(u) = 80*u - 176. Let x be k(13). What are the prime factors of (-1)/(-8) - (-1588788)/x?
3, 613
Let l(u) be the first derivative of 10*u**3/3 - u**2/2 + 23*u - 122. What are the prime factors of l(-11)?
2, 311
Let q = 38 - 33. Suppose -3*j + 6*j = 2*z - 53, q*z = -j + 158. Suppose -z + 3 = -2*b. List the prime factors of b.
2, 7
Suppose -631 = -4*i - c, -3*i + 629 = i + 3*c. List the prime factors of i + ((-72)/(-16) - (-9)/(-6)).
7, 23
Suppose 0 = 5*j, -3*j = 5*z - 10*z + 25. Suppose -z*o = -0*o - 5*s - 155, o = 5*s + 27. List the prime factors of (o/(-6))/((-6)/9).
2
Suppose 19*j + 16352 = 136356. What are the prime factors of j?
2, 1579
Let g(t) = 7*t**2 - 8*t + 42. Let r(f) = -6*f**2 + 8*f - 41. Let i(y) = -5*g(y) - 6*r(y). What are the prime factors of i(-18)?
2, 3, 7
Let h(f) = -f**2 + 10*f - 19. Let p be h(7). Suppose 5*d + 5*v + 0*v - 1990 = 0, p*d = v + 790. What are the prime factors of d?
2, 3, 11
Let i be 91195/(-50) - (-5)/(-50). Let k = i + 3225. What are the prime factors of k?
3, 467
Let a = 2396 - 3675. Let w = a + 1834. List the prime factors of w.
3, 5, 37
What are the prime factors of (-5)/(-30) - (-299961)/54?
5, 11, 101
Suppose 80*g - 177*g = -86*g - 506638. What are the prime factors of g?
2, 23029
Suppose 3*s + l - 9837 = 0, -2283 = -s - 5*l + 1010. What are the prime factors of s?
2, 11, 149
Suppose 0 = -2*t + 6, 5*g + t - 2